


















{"id":9861,"date":"2022-03-21T01:53:53","date_gmt":"2022-03-21T00:53:53","guid":{"rendered":"https:\/\/trafikurban-pr.com\/2022\/?page_id=9861"},"modified":"2025-11-10T11:06:38","modified_gmt":"2025-11-10T10:06:38","slug":"cmimet","status":"publish","type":"page","link":"https:\/\/trafikurban-pr.com\/2022\/cmimet\/","title":{"rendered":"\u00c7mimet"},"content":{"rendered":"<p>[vc_row kd_background_image_position=&#8221;vc_row-bg-position-top&#8221; css=&#8221;.vc_custom_1620662325642{padding-top: 120px !important;padding-bottom: 70px !important;}&#8221; css_tablet_landscape=&#8221;.vc_custom_1620662325643{padding-bottom: 0px !important;}&#8221; css_tablet_portrait=&#8221;.vc_custom_1620662325644{padding-bottom: 0px !important;}&#8221; css_mobile=&#8221;.vc_custom_1620662325644{padding-bottom: 0px !important;}&#8221;][vc_column][vc_tta_tabs][vc_tta_section title=&#8221;Bilet\u00eb p\u00ebr nj\u00eb drejtim&#8221; tab_id=&#8221;122&#8243;][vc_row_inner kd_background_image_position=&#8221;vc_row-bg-position-top&#8221; css=&#8221;.vc_custom_1620662224716{padding-top: 80px !important;padding-bottom: 80px !important;}&#8221; css_mobile=&#8221;.vc_custom_1620662224717{padding-top: 0px !important;}&#8221;][vc_column_inner width=&#8221;2\/3&#8243; css=&#8221;.vc_custom_1618929523032{padding-top: 80px !important;padding-right: 100px !important;padding-left: 0px !important;}&#8221;][vc_column_text]<\/p>\n<h5>Bilet\u00eb p\u00ebr nj\u00eb drejtim<\/h5>\n<p>Bileta p\u00ebr nj\u00eb drejtim, brenda territorit t\u00eb Prishtin\u00ebs kushton 0.50 \u20acuro.[\/vc_column_text][\/vc_column_inner][vc_column_inner width=&#8221;1\/3&#8243; css=&#8221;.vc_custom_1618929292487{padding-right: 0px !important;}&#8221;]<div class=\"team-member design-classic  socials-disabled\" >\r\r\n                    <div class=\"team-content\">\r\r\n                        <div class=\"team-image-overlay\"><\/div>\r\r\n                        <div class=\"team-image\"><img loading=\"lazy\" decoding=\"async\" width=\"842\" height=\"1026\" src=\"https:\/\/trafikurban-pr.com\/2022\/wp-content\/uploads\/2022\/03\/40cent.png\" class=\"attachment-full\" alt=\"\" title=\"40cent\" srcset=\"https:\/\/trafikurban-pr.com\/2022\/wp-content\/uploads\/2022\/03\/40cent.png 842w, https:\/\/trafikurban-pr.com\/2022\/wp-content\/uploads\/2022\/03\/40cent-246x300.png 246w, https:\/\/trafikurban-pr.com\/2022\/wp-content\/uploads\/2022\/03\/40cent-840x1024.png 840w, https:\/\/trafikurban-pr.com\/2022\/wp-content\/uploads\/2022\/03\/40cent-768x936.png 768w\" sizes=\"auto, (max-width: 842px) 100vw, 842px\" \/><\/div>\r\r\n                        <div class=\"team-content-text\" >\r\r\n                        <div class=\"team-content-text-inner\">\r\r\n                        <h5 >0.50 \u20ac<\/h5>\r\r\n                        <span class=\"team-subtitle\" >BILET\u00cb P\u00cbR NJ\u00cb DREJTIM<\/span>\r\r\n                        <p ><\/p><\/div><\/div>\r\r\n                    <\/div>\r\r\n                <\/div>[\/vc_column_inner][\/vc_row_inner][\/vc_tta_section][vc_tta_section title=&#8221;Bileta Ditore&#8221; tab_id=&#8221;1709216323531-6e7d7603-7ceb&#8221;][vc_row_inner kd_background_image_position=&#8221;vc_row-bg-position-top&#8221; css=&#8221;.vc_custom_1620662224716{padding-top: 80px !important;padding-bottom: 80px !important;}&#8221; css_mobile=&#8221;.vc_custom_1620662224717{padding-top: 0px !important;}&#8221;][vc_column_inner width=&#8221;2\/3&#8243; css=&#8221;.vc_custom_1618929523032{padding-top: 80px !important;padding-right: 100px !important;padding-left: 0px !important;}&#8221;][vc_column_text]<\/p>\n<h5>Bileta Ditore<\/h5>\n<div class=\"pricing-row\">\n<div class=\"pricing-value\">\n<div class=\"pricing-option pricing-opt-no-icon\"><span class=\"pricing-option-text \">P\u00ebrfshin udh\u00ebtime vajtje-ardhje pa limit\u00a0<\/span><\/div>\n<\/div>\n<\/div>\n<div class=\"pricing-row\">\n<div class=\"pricing-value\">\n<div class=\"pricing-option pricing-opt-no-icon\">P\u00ebrdoret p\u00ebr t\u00eb gjitha linjat e Komun\u00ebs s\u00eb Prishtin\u00ebs<\/div>\n<\/div>\n<div>Bileta Ditore kushton 0.80<span class=\"currency\">\u20ac<\/span><\/div>\n<\/div>\n<p>[\/vc_column_text][\/vc_column_inner][vc_column_inner width=&#8221;1\/3&#8243; css=&#8221;.vc_custom_1618929292487{padding-right: 0px !important;}&#8221;]<div class=\"team-member design-classic  socials-disabled\" >\r\r\n                    <div class=\"team-content\">\r\r\n                        <div class=\"team-image-overlay\"><\/div>\r\r\n                        <div class=\"team-image\"><img loading=\"lazy\" decoding=\"async\" width=\"842\" height=\"1026\" src=\"https:\/\/trafikurban-pr.com\/2022\/wp-content\/uploads\/2024\/02\/80cent.png\" class=\"attachment-full\" alt=\"\" title=\"80cent\" srcset=\"https:\/\/trafikurban-pr.com\/2022\/wp-content\/uploads\/2024\/02\/80cent.png 842w, https:\/\/trafikurban-pr.com\/2022\/wp-content\/uploads\/2024\/02\/80cent-246x300.png 246w, https:\/\/trafikurban-pr.com\/2022\/wp-content\/uploads\/2024\/02\/80cent-840x1024.png 840w, https:\/\/trafikurban-pr.com\/2022\/wp-content\/uploads\/2024\/02\/80cent-768x936.png 768w\" sizes=\"auto, (max-width: 842px) 100vw, 842px\" \/><\/div>\r\r\n                        <div class=\"team-content-text\" >\r\r\n                        <div class=\"team-content-text-inner\">\r\r\n                        <h5 >0.80 \u20ac<\/h5>\r\r\n                        <span class=\"team-subtitle\" >BILETA DITORE<\/span>\r\r\n                        <p ><\/p><\/div><\/div>\r\r\n                    <\/div>\r\r\n                <\/div>[\/vc_column_inner][\/vc_row_inner][\/vc_tta_section][vc_tta_section title=&#8221;Bilet\u00eb Javore&#8221; tab_id=&#8221;1762483729468-fd40ddb9-eb0e&#8221;][vc_row_inner kd_background_image_position=&#8221;vc_row-bg-position-top&#8221; css=&#8221;.vc_custom_1620662224716{padding-top: 80px !important;padding-bottom: 80px !important;}&#8221; css_mobile=&#8221;.vc_custom_1620662224717{padding-top: 0px !important;}&#8221;][vc_column_inner width=&#8221;2\/3&#8243; css=&#8221;.vc_custom_1618929523032{padding-top: 80px !important;padding-right: 100px !important;padding-left: 0px !important;}&#8221;][vc_column_text]<\/p>\n<h5>Bilet\u00eb Javore<\/h5>\n<div class=\"pricing-row\">\n<div class=\"pricing-value\">\n<div class=\"pricing-option pricing-opt-no-icon\">\n<div class=\"pricing-row\">\n<div class=\"pricing-value\">\n<div class=\"pricing-option pricing-opt-no-icon\"><span class=\"pricing-option-text \">P\u00ebrfshin udh\u00ebtime vajtje-ardhje pa limit\u00a0<\/span><\/div>\n<\/div>\n<\/div>\n<div class=\"pricing-row\">\n<div class=\"pricing-value\">\n<div class=\"pricing-option pricing-opt-no-icon\">P\u00ebrdoret p\u00ebr t\u00eb gjitha linjat e Komun\u00ebs s\u00eb Prishtin\u00ebs<\/div>\n<\/div>\n<div>Bileta Javore kushton 4.00<span class=\"currency\">\u20ac<\/span>.<\/div>\n<\/div>\n<p>&nbsp;<\/p>\n<p>Mund t\u00eb blihet n\u00eb pikat e shitjes:<\/p>\n<p><strong>Kioska prapa Objektit t\u00eb Komun\u00ebs (Tek \u201cPlepat\u201d)<\/strong><br \/>\nOrari i pun\u00ebs:<br \/>\nE h\u00ebn\u00eb \u2013 E shtune 07:00 \u2013 21:00<br \/>\nE diele: 08:00 \u2013 16:00<\/p>\n<p><strong>Kioska n\u00eb lagjen \u201cKodra e Diellit\u201d, (Tek \u201cBanesat e Bardha\u201d)<br \/>\n<\/strong>Orari i pun\u00ebs:<br \/>\nE h\u00ebn\u00eb \u2013 E premte 07:00 \u2013 21:00<br \/>\nE shtune: 07:00 \u2013 14:00<strong>\u00a0<\/strong><\/p>\n<p><strong>Kioska n\u00eb Bulevardin \u201cBill Kllinton\u201d (Af\u00ebr n\u00ebnkalimit)<\/strong><br \/>\nOrari i pun\u00ebs:<br \/>\nE h\u00ebn\u00eb \u2013 E shtune 07:00 \u2013 21:00<br \/>\nE diele: 08:00 \u2013 16:00<\/p>\n<p>Sqarim: Bileta origjinale javore duhet t\u00eb prezantohet tek kundukteri apo tek kontrolla e Trafikut Urban. Prezantimi i bilet\u00ebs javore n\u00eb forma t\u00eb tjera nuk pranohet, dhe obligoheni q\u00eb t\u00eb paguani bilet\u00eb!<\/p>\n<\/div>\n<\/div>\n<\/div>\n<p>[\/vc_column_text][\/vc_column_inner][vc_column_inner width=&#8221;1\/3&#8243; css=&#8221;.vc_custom_1618929292487{padding-right: 0px !important;}&#8221;]<div class=\"team-member design-classic  socials-disabled\" >\r\r\n                    <div class=\"team-content\">\r\r\n                        <div class=\"team-image-overlay\"><\/div>\r\r\n                        <div class=\"team-image\"><img loading=\"lazy\" decoding=\"async\" width=\"468\" height=\"341\" src=\"https:\/\/trafikurban-pr.com\/2022\/wp-content\/uploads\/2025\/11\/Bileta-Javore.jpeg\" class=\"attachment-full\" alt=\"\" title=\"Bileta Javore\" srcset=\"https:\/\/trafikurban-pr.com\/2022\/wp-content\/uploads\/2025\/11\/Bileta-Javore.jpeg 468w, https:\/\/trafikurban-pr.com\/2022\/wp-content\/uploads\/2025\/11\/Bileta-Javore-300x219.jpeg 300w\" sizes=\"auto, (max-width: 468px) 100vw, 468px\" \/><\/div>\r\r\n                        <div class=\"team-content-text\" >\r\r\n                        <div class=\"team-content-text-inner\">\r\r\n                        <h5 >4.00 \u20ac<\/h5>\r\r\n                        <span class=\"team-subtitle\" >BILET\u00cb JAVORE<\/span>\r\r\n                        <p ><\/p><\/div><\/div>\r\r\n                    <\/div>\r\r\n                <\/div>[\/vc_column_inner][\/vc_row_inner][\/vc_tta_section][vc_tta_section title=&#8221;Bilet\u00eb Mujore&#8221; tab_id=&#8221;2222&#8243;][vc_row_inner kd_background_image_position=&#8221;vc_row-bg-position-top&#8221; css=&#8221;.vc_custom_1620662224716{padding-top: 80px !important;padding-bottom: 80px !important;}&#8221; css_mobile=&#8221;.vc_custom_1620662224717{padding-top: 0px !important;}&#8221;][vc_column_inner width=&#8221;1\/3&#8243; css=&#8221;.vc_custom_1618929523032{padding-top: 80px !important;padding-right: 100px !important;padding-left: 0px !important;}&#8221;][vc_column_text]<\/p>\n<h5>Bilet\u00eb Mujore<\/h5>\n<p>Mund t\u00eb p\u00ebrdoret n\u00eb t\u00eb gjitha linjat e TU (n\u00eb t\u00eb gjith\u00eb autobus\u00ebt tan\u00eb) &#8211; pa kufizime.<br \/>\n&#8211; P\u00ebr nx\u00ebn\u00ebs dhe student\u00eb \u00ebsht\u00eb 12 \u20acuro\/muaj.<br \/>\n&#8211; P\u00ebr t\u00eb gjith\u00eb qytetar\u00ebt e tjer\u00eb \u00ebsht\u00eb 13.5 \u20acuro\/muaj<\/p>\n<p>Mund t\u00eb blihet n\u00eb pikat e shitjes:<\/p>\n<p><strong>Kioska prapa Objektit t\u00eb Komun\u00ebs (Tek \u201cPlepat\u201d)<\/strong><br \/>\nOrari i pun\u00ebs:<br \/>\nE h\u00ebn\u00eb &#8211; E shtune 07:00 &#8211; 21:00<br \/>\nE diele: 08:00 &#8211; 16:00<\/p>\n<p><strong>Kioska n\u00eb lagjen \u201cKodra e Diellit\u201d, (Tek \u201cBanesat e Bardha\u201d)<br \/>\n<\/strong>Orari i pun\u00ebs:<br \/>\nE h\u00ebn\u00eb &#8211; E premte 07:00 &#8211; 21:00<br \/>\nE shtune: 07:00 &#8211; 14:00<strong>\u00a0<\/strong><\/p>\n<p><strong>Kioska n\u00eb Bulevardin \u201cBill Kllinton\u201d (Af\u00ebr n\u00ebnkalimit)<\/strong><br \/>\nOrari i pun\u00ebs:<br \/>\nE h\u00ebn\u00eb &#8211; E shtune 07:00 &#8211; 21:00<br \/>\nE diele: 08:00 &#8211; 16:00<\/p>\n<p>Sqarim: Bileta origjinale mujore duhet t\u00eb prezantohet tek kundukteri apo tek kontrolla e Trafikut Urban. Prezantimi i bilet\u00ebs mujore n\u00eb forma t\u00eb tjera nuk pranohet, dhe obligoheni q\u00eb t\u00eb paguani bilet\u00eb![\/vc_column_text][\/vc_column_inner][vc_column_inner width=&#8221;1\/3&#8243; css=&#8221;.vc_custom_1618929292487{padding-right: 0px !important;}&#8221;]<div class=\"team-member design-classic  socials-disabled\" >\r\r\n                    <div class=\"team-content\">\r\r\n                        <div class=\"team-image-overlay\"><\/div>\r\r\n                        <div class=\"team-image\"><img loading=\"lazy\" decoding=\"async\" width=\"1280\" height=\"960\" src=\"https:\/\/trafikurban-pr.com\/2022\/wp-content\/uploads\/2022\/03\/bm-ins.png\" class=\"attachment-full\" alt=\"\" title=\"bm-ins\" srcset=\"https:\/\/trafikurban-pr.com\/2022\/wp-content\/uploads\/2022\/03\/bm-ins.png 1280w, https:\/\/trafikurban-pr.com\/2022\/wp-content\/uploads\/2022\/03\/bm-ins-300x225.png 300w, https:\/\/trafikurban-pr.com\/2022\/wp-content\/uploads\/2022\/03\/bm-ins-1024x768.png 1024w, https:\/\/trafikurban-pr.com\/2022\/wp-content\/uploads\/2022\/03\/bm-ins-768x576.png 768w\" sizes=\"auto, (max-width: 1280px) 100vw, 1280px\" \/><\/div>\r\r\n                        <div class=\"team-content-text\" >\r\r\n                        <div class=\"team-content-text-inner\">\r\r\n                        <h5 >12.00 \u20ac<\/h5>\r\r\n                        <span class=\"team-subtitle\" >BILET\u00cb MUJORE P\u00cbR NX\u00cbNES OSE STUDENT<\/span>\r\r\n                        <p ><\/p><\/div><\/div>\r\r\n                    <\/div>\r\r\n                <\/div>[\/vc_column_inner][vc_column_inner width=&#8221;1\/3&#8243;]<div class=\"team-member design-classic  socials-disabled\" >\r\r\n                    <div class=\"team-content\">\r\r\n                        <div class=\"team-image-overlay\"><\/div>\r\r\n                        <div class=\"team-image\"><img loading=\"lazy\" decoding=\"async\" width=\"1280\" height=\"960\" src=\"https:\/\/trafikurban-pr.com\/2022\/wp-content\/uploads\/2022\/03\/bm-iq.png\" class=\"attachment-full\" alt=\"\" title=\"bm-iq\" srcset=\"https:\/\/trafikurban-pr.com\/2022\/wp-content\/uploads\/2022\/03\/bm-iq.png 1280w, https:\/\/trafikurban-pr.com\/2022\/wp-content\/uploads\/2022\/03\/bm-iq-300x225.png 300w, https:\/\/trafikurban-pr.com\/2022\/wp-content\/uploads\/2022\/03\/bm-iq-1024x768.png 1024w, https:\/\/trafikurban-pr.com\/2022\/wp-content\/uploads\/2022\/03\/bm-iq-768x576.png 768w\" sizes=\"auto, (max-width: 1280px) 100vw, 1280px\" \/><\/div>\r\r\n                        <div class=\"team-content-text\" >\r\r\n                        <div class=\"team-content-text-inner\">\r\r\n                        <h5 >13.50 \u20ac<\/h5>\r\r\n                        <span class=\"team-subtitle\" >BILET\u00cb MUJORE P\u00cbR QYTETAR\u00cb TJER\u00cb<\/span>\r\r\n                        <p ><\/p><\/div><\/div>\r\r\n                    <\/div>\r\r\n                <\/div>[\/vc_column_inner][\/vc_row_inner][\/vc_tta_section][vc_tta_section title=&#8221;Bileta Mujore e Linj\u00ebs&#8221; tab_id=&#8221;333&#8243;][vc_row_inner kd_background_image_position=&#8221;vc_row-bg-position-top&#8221; css=&#8221;.vc_custom_1620662224716{padding-top: 80px !important;padding-bottom: 80px !important;}&#8221; css_mobile=&#8221;.vc_custom_1620662224717{padding-top: 0px !important;}&#8221;][vc_column_inner width=&#8221;1\/3&#8243; css=&#8221;.vc_custom_1618929523032{padding-top: 80px !important;padding-right: 100px !important;padding-left: 0px !important;}&#8221;][vc_column_text]<\/p>\n<h5>Bilet\u00eb Mujore e Linj\u00ebs<\/h5>\n<p>Mund t\u00eb p\u00ebrdoret vet\u00ebm p\u00ebr nj\u00eb linj\u00eb t\u00eb caktuar<br \/>\n&#8211; P\u00ebr nx\u00ebn\u00ebs dhe student\u00eb \u00ebsht\u00eb 10 \u20acuro\/muaj.<br \/>\n&#8211; P\u00ebr t\u00eb gjith\u00eb qytetar\u00ebt e tjer\u00eb \u00ebsht\u00eb 12\u20acuro\/muaj.<\/p>\n<p>Mund t\u00eb blihet n\u00eb pikat e shitjes:<br \/>\n-Kioska me logo Trafiku Urban, prapa Objektit t\u00eb Komun\u00ebs (tek &#8220;Plepat&#8221;), orari i pun\u00ebs e h\u00ebn\u00eb \u2013 e premte 07:00 \u2013 20:00. T\u00eb shtuneve: 09:0 &#8211; 13:0 &#8211; Kioska me logo Trafiku Urban, n\u00eb lagjen Kodra e Diellit, tek &#8221;Banesat e Bardha&#8221;, \u00e7do dit\u00eb (e h\u00ebn\u00eb \u2013 e diel\u00eb) sipas orarit te pun\u00ebs 06:00 \u2013 22:00.<\/p>\n<p>Sqarim: Bileta origjinale mujore duhet t\u00eb prezantohet tek kundukteri apo tek kontrolla e Trafikut Urban. Prezantimi i bilet\u00ebs mujore n\u00eb forma t\u00eb tjera nuk pranohet, dhe obligoheni q\u00eb t\u00eb paguani bilet\u00eb![\/vc_column_text][\/vc_column_inner][vc_column_inner width=&#8221;1\/3&#8243; css=&#8221;.vc_custom_1618929292487{padding-right: 0px !important;}&#8221;]<div class=\"team-member design-classic  socials-disabled\" >\r\r\n                    <div class=\"team-content\">\r\r\n                        <div class=\"team-image-overlay\"><\/div>\r\r\n                        <div class=\"team-image\"><img loading=\"lazy\" decoding=\"async\" width=\"1280\" height=\"960\" src=\"https:\/\/trafikurban-pr.com\/2022\/wp-content\/uploads\/2022\/03\/bm-lns2.png\" class=\"attachment-full\" alt=\"\" title=\"bm-lns2\" srcset=\"https:\/\/trafikurban-pr.com\/2022\/wp-content\/uploads\/2022\/03\/bm-lns2.png 1280w, https:\/\/trafikurban-pr.com\/2022\/wp-content\/uploads\/2022\/03\/bm-lns2-300x225.png 300w, https:\/\/trafikurban-pr.com\/2022\/wp-content\/uploads\/2022\/03\/bm-lns2-1024x768.png 1024w, https:\/\/trafikurban-pr.com\/2022\/wp-content\/uploads\/2022\/03\/bm-lns2-768x576.png 768w\" sizes=\"auto, (max-width: 1280px) 100vw, 1280px\" \/><\/div>\r\r\n                        <div class=\"team-content-text\" >\r\r\n                        <div class=\"team-content-text-inner\">\r\r\n                        <h5 >10.00 \u20ac<\/h5>\r\r\n                        <span class=\"team-subtitle\" >BILET\u00cb MUJORE E LINJ\u00cbS P\u00cbR NX\u00cbNES OSE STUDENT<\/span>\r\r\n                        <p ><\/p><\/div><\/div>\r\r\n                    <\/div>\r\r\n                <\/div>[\/vc_column_inner][vc_column_inner width=&#8221;1\/3&#8243;]<div class=\"team-member design-classic  socials-disabled\" >\r\r\n                    <div class=\"team-content\">\r\r\n                        <div class=\"team-image-overlay\"><\/div>\r\r\n                        <div class=\"team-image\"><img loading=\"lazy\" decoding=\"async\" width=\"1280\" height=\"960\" src=\"https:\/\/trafikurban-pr.com\/2022\/wp-content\/uploads\/2022\/03\/bm-lq2.png\" class=\"attachment-full\" alt=\"\" title=\"bm-lq2\" srcset=\"https:\/\/trafikurban-pr.com\/2022\/wp-content\/uploads\/2022\/03\/bm-lq2.png 1280w, https:\/\/trafikurban-pr.com\/2022\/wp-content\/uploads\/2022\/03\/bm-lq2-300x225.png 300w, https:\/\/trafikurban-pr.com\/2022\/wp-content\/uploads\/2022\/03\/bm-lq2-1024x768.png 1024w, https:\/\/trafikurban-pr.com\/2022\/wp-content\/uploads\/2022\/03\/bm-lq2-768x576.png 768w\" sizes=\"auto, (max-width: 1280px) 100vw, 1280px\" \/><\/div>\r\r\n                        <div class=\"team-content-text\" >\r\r\n                        <div class=\"team-content-text-inner\">\r\r\n                        <h5 >12.00 \u20ac<\/h5>\r\r\n                        <span class=\"team-subtitle\" >BILET\u00cb MUJORE E LINJ\u00cbS P\u00cbR QYTETAR\u00cb TJER\u00cb<\/span>\r\r\n                        <p ><\/p><\/div><\/div>\r\r\n                    <\/div>\r\r\n                <\/div>[\/vc_column_inner][\/vc_row_inner][\/vc_tta_section][\/vc_tta_tabs][\/vc_column][\/vc_row]<\/p>\n","protected":false},"excerpt":{"rendered":"<p>[vc_row kd_background_image_position=&#8221;vc_row-bg-position-top&#8221; css=&#8221;.vc_custom_1620662325642{padding-top: 120px !important;padding-bottom: 70px !important;}&#8221; css_tablet_landscape=&#8221;.vc_custom_1620662325643{padding-bottom: 0px !important;}&#8221; css_tablet_portrait=&#8221;.vc_custom_1620662325644{padding-bottom: 0px !important;}&#8221; css_mobile=&#8221;.vc_custom_1620662325644{padding-bottom: 0px !important;}&#8221;][vc_column][vc_tta_tabs][vc_tta_section title=&#8221;Bilet\u00eb p\u00ebr nj\u00eb drejtim&#8221; [&hellip;]<\/p>\n","protected":false},"author":1,"featured_media":0,"parent":0,"menu_order":0,"comment_status":"closed","ping_status":"closed","template":"","meta":{"footnotes":""},"class_list":["post-9861","page","type-page","status-publish","hentry"],"_links":{"self":[{"href":"https:\/\/trafikurban-pr.com\/2022\/wp-json\/wp\/v2\/pages\/9861","targetHints":{"allow":["GET"]}}],"collection":[{"href":"https:\/\/trafikurban-pr.com\/2022\/wp-json\/wp\/v2\/pages"}],"about":[{"href":"https:\/\/trafikurban-pr.com\/2022\/wp-json\/wp\/v2\/types\/page"}],"author":[{"embeddable":true,"href":"https:\/\/trafikurban-pr.com\/2022\/wp-json\/wp\/v2\/users\/1"}],"replies":[{"embeddable":true,"href":"https:\/\/trafikurban-pr.com\/2022\/wp-json\/wp\/v2\/comments?post=9861"}],"version-history":[{"count":33,"href":"https:\/\/trafikurban-pr.com\/2022\/wp-json\/wp\/v2\/pages\/9861\/revisions"}],"predecessor-version":[{"id":12084,"href":"https:\/\/trafikurban-pr.com\/2022\/wp-json\/wp\/v2\/pages\/9861\/revisions\/12084"}],"wp:attachment":[{"href":"https:\/\/trafikurban-pr.com\/2022\/wp-json\/wp\/v2\/media?parent=9861"}],"curies":[{"name":"wp","href":"https:\/\/api.w.org\/{rel}","templated":true}]}}