


















{"id":9833,"date":"2022-03-20T23:12:00","date_gmt":"2022-03-20T22:12:00","guid":{"rendered":"https:\/\/trafikurban-pr.com\/2022\/?page_id=9833"},"modified":"2025-09-11T08:35:39","modified_gmt":"2025-09-11T07:35:39","slug":"aplikacioni-per-pune","status":"publish","type":"page","link":"https:\/\/trafikurban-pr.com\/2022\/njoftimet-e-konkurseve\/aplikacioni-per-pune\/","title":{"rendered":"Aplikacioni p\u00ebr pun\u00eb"},"content":{"rendered":"<p>[vc_row kd_background_image_position=&#8221;vc_row-bg-position-top&#8221; css=&#8221;.vc_custom_1598622859521{margin-top: 100px !important;}&#8221;][vc_column width=&#8221;1\/3&#8243; offset=&#8221;vc_col-lg-3 vc_col-md-12 vc_col-xs-12&#8243;][vc_btn title=&#8221;Njoftimet e konkursve&#8221; size=&#8221;lg&#8221; align=&#8221;left&#8221; i_icon_fontawesome=&#8221;fas fa-angle-right&#8221; button_block=&#8221;true&#8221; add_icon=&#8221;true&#8221; link=&#8221;url:https%3A%2F%2Ftrafikurban-pr.com%2F2022%2Fnjoftimet-e-konkurseve%2F|title:Njoftimet%20e%20konkurseve&#8221; el_class=&#8221;menubutton&#8221;][vc_btn title=&#8221;Aplikacioni p\u00ebr pun\u00eb&#8221; size=&#8221;lg&#8221; align=&#8221;left&#8221; i_icon_fontawesome=&#8221;fas fa-angle-right&#8221; button_block=&#8221;true&#8221; add_icon=&#8221;true&#8221; link=&#8221;url:https%3A%2F%2Ftrafikurban-pr.com%2F2022%2Fnjoftimet-e-konkurseve%2Faplikacioni-per-pune%2F|title:Aplikacioni%20p%C3%ABr%20pun%C3%AB&#8221; el_class=&#8221;menubutton&#8221;][vc_btn title=&#8221;Deklarata n\u00ebn betim&#8221; size=&#8221;lg&#8221; align=&#8221;left&#8221; i_icon_fontawesome=&#8221;fas fa-angle-right&#8221; button_block=&#8221;true&#8221; add_icon=&#8221;true&#8221; link=&#8221;url:https%3A%2F%2Ftrafikurban-pr.com%2F2022%2Fnjoftimet-e-konkurseve%2Fdeklarata-nen-betim%2F|title:Aplikacioni%20p%C3%ABr%20pun%C3%AB&#8221; el_class=&#8221;menubutton&#8221;][vc_btn title=&#8221;Lista Kontrolluese&#8221; size=&#8221;lg&#8221; align=&#8221;left&#8221; i_icon_fontawesome=&#8221;fas fa-angle-right&#8221; button_block=&#8221;true&#8221; add_icon=&#8221;true&#8221; link=&#8221;url:https%3A%2F%2Ftrafikurban-pr.com%2F2022%2Fnjoftimet-e-konkurseve%2Flista-kontrolluese%2F|title:Lista%20Kontrolluese&#8221; el_class=&#8221;menubutton&#8221;][\/vc_column][vc_column width=&#8221;2\/3&#8243; css=&#8221;.vc_custom_1645927436510{margin-bottom: 30px !important;padding-right: 20px !important;padding-left: 0px !important;}&#8221; offset=&#8221;vc_col-lg-9 vc_col-md-12 vc_col-xs-12&#8243; css_tablet_landscape=&#8221;.vc_custom_1645927436510{padding-right: 15px !important;}&#8221; css_tablet_portrait=&#8221;.vc_custom_1645927436510{padding-right: 0px !important;}&#8221; css_mobile=&#8221;.vc_custom_1645927436511{padding-right: 0px !important;}&#8221;][vc_row_inner content_placement=&#8221;middle&#8221; kd_background_image_position=&#8221;vc_row-bg-position-top&#8221; css=&#8221;.vc_custom_1647574621143{border-bottom-width: 1px !important;padding-top: 15px !important;border-bottom-color: #cccccc !important;border-bottom-style: solid !important;}&#8221;][vc_column_inner][vc_column_text]<strong>Procedura e aplikimit :<\/strong><\/p>\n<p>Dokumentet e nevojshme d\u00ebrgohen t\u00eb n\u00ebnshkruara n\u00eb form\u00eb t\u00eb skanuar n\u00eb e-mail:<br \/>\n<strong><a href=\"mailto:punesimi@trafikurban-pr.com\">punesimi@trafikurban-pr.com<\/a><\/strong><\/p>\n<p>Kandidat\u00ebve u mund\u00ebsohet edhe d\u00ebrgimi i aplikacioneve n\u00eb kopje fizike; aplikacionet mund t\u2019i marrin dhe dor\u00ebzojn\u00eb n\u00eb zyre t\u00eb administrat\u00ebs s\u00eb N.P.K. \u201cTrafiku Urban\u201d, Rr. Tahir Zajmi nr.43, Prishtin\u00eb.<\/p>\n<p>Konkursi \u00ebsht\u00eb i hapur brenda afatit t\u00eb p\u00ebrcaktuar me konkurs.<br \/>\nKontakti lidhur me konkursin p\u00ebrmes telefonit\u00a0<strong>+383 (0) 45 10 11 33<\/strong>\u00a0nga ora\u00a0<strong>08:00<\/strong>\u00a0deri\u00a0<strong>16:00<\/strong>\u00a0(e H\u00ebn\u00eb &#8211; e Premte).<\/p>\n<div class=\"row c-gutter-50 paginationPage\">\n<div class=\"col-md-12 paginationItem\">\n<div class=\"docFile\">\n<div class=\"row\">\n<div class=\"col-md-9\">\n<div class=\"docInnter\">Aplikacioni p\u00ebr pun\u00eb<br \/>\n13\/02\/2020<\/div>\n<div><\/div>\n<\/div>\n<\/div>\n<\/div>\n<\/div>\n<\/div>\n<p>[\/vc_column_text]<a  href=\"https:\/\/trafikurban-pr.com\/2022\/wp-content\/uploads\/2025\/09\/Aplikacioni-per-punesim.docx\"  target=\"_self\"  title=\"\"  class=\"tt_button tt_primary_button btn_primary_color  btn-align-left button-action-link icon_left\" ><span class=\"fas fa-file iconita\" ><\/span><span class=\"prim_text\">Shfleto<\/span><\/a>[\/vc_column_inner][\/vc_row_inner][\/vc_column][\/vc_row]<\/p>\n","protected":false},"excerpt":{"rendered":"<p>[vc_row kd_background_image_position=&#8221;vc_row-bg-position-top&#8221; css=&#8221;.vc_custom_1598622859521{margin-top: 100px !important;}&#8221;][vc_column width=&#8221;1\/3&#8243; offset=&#8221;vc_col-lg-3 vc_col-md-12 vc_col-xs-12&#8243;][vc_btn title=&#8221;Njoftimet e konkursve&#8221; size=&#8221;lg&#8221; align=&#8221;left&#8221; i_icon_fontawesome=&#8221;fas fa-angle-right&#8221; button_block=&#8221;true&#8221; add_icon=&#8221;true&#8221; link=&#8221;url:https%3A%2F%2Ftrafikurban-pr.com%2F2022%2Fnjoftimet-e-konkurseve%2F|title:Njoftimet%20e%20konkurseve&#8221; el_class=&#8221;menubutton&#8221;][vc_btn [&hellip;]<\/p>\n","protected":false},"author":1,"featured_media":0,"parent":9692,"menu_order":0,"comment_status":"closed","ping_status":"closed","template":"","meta":{"footnotes":""},"class_list":["post-9833","page","type-page","status-publish","hentry"],"_links":{"self":[{"href":"https:\/\/trafikurban-pr.com\/2022\/wp-json\/wp\/v2\/pages\/9833","targetHints":{"allow":["GET"]}}],"collection":[{"href":"https:\/\/trafikurban-pr.com\/2022\/wp-json\/wp\/v2\/pages"}],"about":[{"href":"https:\/\/trafikurban-pr.com\/2022\/wp-json\/wp\/v2\/types\/page"}],"author":[{"embeddable":true,"href":"https:\/\/trafikurban-pr.com\/2022\/wp-json\/wp\/v2\/users\/1"}],"replies":[{"embeddable":true,"href":"https:\/\/trafikurban-pr.com\/2022\/wp-json\/wp\/v2\/comments?post=9833"}],"version-history":[{"count":11,"href":"https:\/\/trafikurban-pr.com\/2022\/wp-json\/wp\/v2\/pages\/9833\/revisions"}],"predecessor-version":[{"id":12039,"href":"https:\/\/trafikurban-pr.com\/2022\/wp-json\/wp\/v2\/pages\/9833\/revisions\/12039"}],"up":[{"embeddable":true,"href":"https:\/\/trafikurban-pr.com\/2022\/wp-json\/wp\/v2\/pages\/9692"}],"wp:attachment":[{"href":"https:\/\/trafikurban-pr.com\/2022\/wp-json\/wp\/v2\/media?parent=9833"}],"curies":[{"name":"wp","href":"https:\/\/api.w.org\/{rel}","templated":true}]}}