


















{"id":11616,"date":"2025-04-12T11:25:46","date_gmt":"2025-04-12T10:25:46","guid":{"rendered":"https:\/\/trafikurban-pr.com\/2022\/?page_id=11616"},"modified":"2025-10-23T08:19:15","modified_gmt":"2025-10-23T07:19:15","slug":"ylber-citaku","status":"publish","type":"page","link":"https:\/\/trafikurban-pr.com\/2022\/rreth-nesh\/bordi-udheheqes\/ylber-citaku\/","title":{"rendered":"Ylber \u00c7itaku"},"content":{"rendered":"<p>[vc_row kd_background_image_position=&#8221;vc_row-bg-position-top&#8221; css=&#8221;.vc_custom_1598622859521{margin-top: 100px !important;}&#8221;][vc_column width=&#8221;1\/3&#8243; offset=&#8221;vc_col-lg-3 vc_col-md-12 vc_col-xs-12&#8243;][vc_btn title=&#8221;Rreth nesh&#8221; size=&#8221;lg&#8221; align=&#8221;left&#8221; i_icon_fontawesome=&#8221;fas fa-angle-right&#8221; button_block=&#8221;true&#8221; add_icon=&#8221;true&#8221; link=&#8221;url:https%3A%2F%2Ftrafikurban-pr.com%2F2022%2Frreth-nesh%2F|title:Rreth%20nesh&#8221; el_class=&#8221;menubutton&#8221;][vc_btn title=&#8221;Organogrami&#8221; size=&#8221;lg&#8221; align=&#8221;left&#8221; i_icon_fontawesome=&#8221;fas fa-angle-right&#8221; button_block=&#8221;true&#8221; add_icon=&#8221;true&#8221; link=&#8221;url:https%3A%2F%2Ftrafikurban-pr.com%2F2022%2Frreth-nesh%2Forganogrami%2F&#8221; el_class=&#8221;menubutton&#8221;][vc_btn title=&#8221;Komisioni komunal i aksionar\u00ebve&#8221; size=&#8221;lg&#8221; align=&#8221;left&#8221; i_icon_fontawesome=&#8221;fas fa-angle-right&#8221; button_block=&#8221;true&#8221; add_icon=&#8221;true&#8221; link=&#8221;url:https%3A%2F%2Ftrafikurban-pr.com%2F2022%2Frreth-nesh%2Fkomisioni-komunal-i-aksionareve%2F|title:Komisioni%20komunal%20i%20aksionar%C3%ABve&#8221; el_class=&#8221;menubutton&#8221;][vc_btn title=&#8221;Bordi Udh\u00ebheq\u00ebs&#8221; size=&#8221;lg&#8221; align=&#8221;left&#8221; i_icon_fontawesome=&#8221;fas fa-angle-right&#8221; button_block=&#8221;true&#8221; add_icon=&#8221;true&#8221; link=&#8221;url:https%3A%2F%2Ftrafikurban-pr.com%2F2022%2Frreth-nesh%2Fbordi-udheheqes%2F|title:Bordi%20Udh%C3%ABheq%C3%ABs&#8221; el_class=&#8221;menubutton&#8221;][vc_btn title=&#8221;Kryeshefi Ekzekutiv&#8221; size=&#8221;lg&#8221; align=&#8221;left&#8221; i_icon_fontawesome=&#8221;fas fa-angle-right&#8221; button_block=&#8221;true&#8221; add_icon=&#8221;true&#8221; link=&#8221;url:https%3A%2F%2Ftrafikurban-pr.com%2F2022%2Frreth-nesh%2Fkryeshefi-ekzekutiv%2F|title:Kryeshefi%20Ekzekutiv&#8221; el_class=&#8221;menubutton&#8221;][vc_btn title=&#8221;Menaxhmenti&#8221; size=&#8221;lg&#8221; align=&#8221;left&#8221; i_icon_fontawesome=&#8221;fas fa-angle-right&#8221; button_block=&#8221;true&#8221; add_icon=&#8221;true&#8221; link=&#8221;url:https%3A%2F%2Ftrafikurban-pr.com%2F2022%2Frreth-nesh%2Fmenaxhmenti%2F|title:Kryeshefi%20Ekzekutiv&#8221; el_class=&#8221;menubutton&#8221;][vc_btn title=&#8221;Rregullore&#8221; size=&#8221;lg&#8221; align=&#8221;left&#8221; i_icon_fontawesome=&#8221;fas fa-angle-right&#8221; button_block=&#8221;true&#8221; add_icon=&#8221;true&#8221; link=&#8221;url:https%3A%2F%2Ftrafikurban-pr.com%2F2022%2Frregullore%2F|title:Raporte&#8221; el_class=&#8221;menubutton&#8221;][vc_btn title=&#8221;Raporte&#8221; size=&#8221;lg&#8221; align=&#8221;left&#8221; i_icon_fontawesome=&#8221;fas fa-angle-right&#8221; button_block=&#8221;true&#8221; add_icon=&#8221;true&#8221; link=&#8221;url:https%3A%2F%2Ftrafikurban-pr.com%2F2022%2Frreth-nesh%2Fraporte%2F|title:Raporte&#8221; el_class=&#8221;menubutton&#8221;][\/vc_column][vc_column width=&#8221;2\/3&#8243; css=&#8221;.vc_custom_1645927436510{margin-bottom: 30px !important;padding-right: 20px !important;padding-left: 0px !important;}&#8221; offset=&#8221;vc_col-lg-9 vc_col-md-12 vc_col-xs-12&#8243; css_tablet_landscape=&#8221;.vc_custom_1645927436510{padding-right: 15px !important;}&#8221; css_tablet_portrait=&#8221;.vc_custom_1645927436510{padding-right: 0px !important;}&#8221; css_mobile=&#8221;.vc_custom_1645927436511{padding-right: 0px !important;}&#8221;][vc_single_image image=&#8221;11453&#8243;][vc_column_text]<\/p>\n<h5><strong>Ylber \u00c7itaku &#8211; Kryesues i Bordit t\u00eb Drejtor\u00ebve<\/strong><\/h5>\n<p>I lindur m\u00eb 28 prill 1965, n\u00eb fshatin Baj\u00e7in\u00eb, Komuna e Podujev\u00ebs.<\/p>\n<p><em><u>Shkollimi:<\/u><\/em><\/p>\n<p>Shkoll\u00ebn fillore e ka mbaruar n\u00eb fshatin e lindjes, kurse shkoll\u00ebn e mesme n\u00eb Gjimnazi, &#8220;8 N\u00ebntori&#8221; Podujev\u00eb &#8211; drejtimi laborant i biologjis\u00eb.<\/p>\n<p>Studimet fillestare i ka p\u00ebrfunduar n\u00eb Sh.L.P. n\u00eb Prishtin\u00eb, Dega e Politeknik\u00ebs, pastaj ka p\u00ebrfunduar Fakultetin e Edukimit, drejtimi: Teknologji Informatik\u00eb n\u00eb Prishtin\u00eb dhe Studimet master, Menaxhment dhe financa poashtu n\u00eb Prishtin\u00eb,<\/p>\n<p>&nbsp;<\/p>\n<p><em><u>Eksperienca profesionale:<\/u><\/em><\/p>\n<ul>\n<li>M\u00ebsimdh\u00ebn\u00ebs n\u00eb Sh.F. &#8220;Nazim Gafurri&#8221; Prishtin\u00eb, prej 1990 \u2013 1998,<\/li>\n<li>Drejtor i Sh.F. &#8220;Nazim Gafurri&#8221; 1999-2003<\/li>\n<li>M\u00ebsimdh\u00ebn\u00ebs Sh.M.U &#8220;Emin Duraku&#8221; Prishtin\u00eb prej vitit 2003-2009<\/li>\n<li>M\u00ebsimdh\u00ebn\u00ebs Sh.M.U &#8220;Dardania&#8221; Prishtin\u00eb 2009-2015,<\/li>\n<li>Redaktor i revist\u00ebs &#8220;Bukureza&#8221; nr-1, viti 2000, nr-2, viti 2001,<\/li>\n<li>Redaktor: Monografia e sh. f. &#8220;Nazim Gafurri&#8221; viti 2002,<\/li>\n<li>Recensent i librit: Teknologjia 9, 2006 (sht\u00ebpia botuese Libri shkollor)<\/li>\n<li>Recensent i librit: Teknologjia 9, 2006 (sht\u00ebpia botuese Dukagjini),<\/li>\n<li>Kryeredaktor i Revist\u00ebs &#8220;Fluturat&#8221; nr-1, viti 2012, nr-2, viti 2013,<\/li>\n<li>Kryeshef ekzekutiv (KE) i NPL &#8220;Stacioni i Autobus\u00ebve&#8221; Sh,A 2016 &#8211; 2018.<\/li>\n<li>N\u00eb zgjhedhjet lokale t\u00eb viti 2017 zgjidhet Asambleist i Kuvendit Komunal t\u00eb Prishtin\u00ebs (p\u00ebr arsye personale nuk e merr mandatin).<\/li>\n<li>N\u00eb vitin 2019 zgjidhet n\u00eb sh\u00ebrbimin civil Udh\u00ebheq\u00ebs i Divizionit p\u00ebr Koordinim t\u00eb Zhvillimit Rajonal.<\/li>\n<li>Q\u00eb nga viti 2020 \u00ebsht\u00eb Drejtor i Departamentit p\u00ebr Zhvillimit Rajonal.<\/li>\n<li>An\u00ebtar i Komitetit Drejtues MZHR \u2013 CARITAS 2021\/2024.<\/li>\n<li>Bashk\u00ebhartues i disa Rregulloreve.<\/li>\n<li>Bashk\u00ebhartues i udh\u00ebzuesve t\u00eb ndrysh\u00ebm n\u00eb Ministrin\u00eb e Zhvillimit Rajonal.<\/li>\n<li>An\u00ebtar i grupeve punuese nd\u00ebrministrore n\u00eb disa raste.<\/li>\n<li>N\u00eb fillim t\u00eb janarit 2024 zgjidhet Drejtor Bordi \u2013 kryesues i NPK \u2018\u2019Trafiku Urban\u2019\u2019 Prishtin\u00eb.<\/li>\n<\/ul>\n<p>&nbsp;<\/p>\n<p>Pjestar\u00eb i U\u00c7K-s\u00eb n\u00eb periudh\u00ebn 1998\/99, Brigada 152 Shaban Shala Z.O. e Llapit<\/p>\n<p>Gjuh\u00ebt: Shqipe, serbo-kroate dhe Italiane.<\/p>\n<p>I martuar, prind i tre f\u00ebmij\u00ebve.<\/p>\n<p>&nbsp;<\/p>\n<p>Adresa e banimit: Rr 28 N\u00ebntori blloku i ri H1\/10 Dardani, Prishtin\u00eb Tel. 044 159067<\/p>\n<p>Email: <a href=\"mailto:ylber.citaku@trafikurban-pr.com\">ylber.citaku@trafikurban-pr.com<\/a>[\/vc_column_text][\/vc_column][\/vc_row]<\/p>\n","protected":false},"excerpt":{"rendered":"<p>[vc_row kd_background_image_position=&#8221;vc_row-bg-position-top&#8221; css=&#8221;.vc_custom_1598622859521{margin-top: 100px !important;}&#8221;][vc_column width=&#8221;1\/3&#8243; offset=&#8221;vc_col-lg-3 vc_col-md-12 vc_col-xs-12&#8243;][vc_btn title=&#8221;Rreth nesh&#8221; size=&#8221;lg&#8221; align=&#8221;left&#8221; i_icon_fontawesome=&#8221;fas fa-angle-right&#8221; button_block=&#8221;true&#8221; add_icon=&#8221;true&#8221; link=&#8221;url:https%3A%2F%2Ftrafikurban-pr.com%2F2022%2Frreth-nesh%2F|title:Rreth%20nesh&#8221; el_class=&#8221;menubutton&#8221;][vc_btn title=&#8221;Organogrami&#8221; [&hellip;]<\/p>\n","protected":false},"author":4,"featured_media":0,"parent":9650,"menu_order":0,"comment_status":"closed","ping_status":"closed","template":"","meta":{"footnotes":""},"class_list":["post-11616","page","type-page","status-publish","hentry"],"_links":{"self":[{"href":"https:\/\/trafikurban-pr.com\/2022\/wp-json\/wp\/v2\/pages\/11616","targetHints":{"allow":["GET"]}}],"collection":[{"href":"https:\/\/trafikurban-pr.com\/2022\/wp-json\/wp\/v2\/pages"}],"about":[{"href":"https:\/\/trafikurban-pr.com\/2022\/wp-json\/wp\/v2\/types\/page"}],"author":[{"embeddable":true,"href":"https:\/\/trafikurban-pr.com\/2022\/wp-json\/wp\/v2\/users\/4"}],"replies":[{"embeddable":true,"href":"https:\/\/trafikurban-pr.com\/2022\/wp-json\/wp\/v2\/comments?post=11616"}],"version-history":[{"count":5,"href":"https:\/\/trafikurban-pr.com\/2022\/wp-json\/wp\/v2\/pages\/11616\/revisions"}],"predecessor-version":[{"id":12052,"href":"https:\/\/trafikurban-pr.com\/2022\/wp-json\/wp\/v2\/pages\/11616\/revisions\/12052"}],"up":[{"embeddable":true,"href":"https:\/\/trafikurban-pr.com\/2022\/wp-json\/wp\/v2\/pages\/9650"}],"wp:attachment":[{"href":"https:\/\/trafikurban-pr.com\/2022\/wp-json\/wp\/v2\/media?parent=11616"}],"curies":[{"name":"wp","href":"https:\/\/api.w.org\/{rel}","templated":true}]}}